{"id":4820,"date":"2016-11-22T19:53:41","date_gmt":"2016-11-22T22:53:41","guid":{"rendered":"http:\/\/www.assef.org.br\/portalassef\/?page_id=4820"},"modified":"2018-04-17T21:35:54","modified_gmt":"2018-04-18T00:35:54","slug":"inscricoes-encerradas-pela-internet-2","status":"publish","type":"page","link":"https:\/\/www.assef.org.br\/portalassef\/inscricoes-encerradas-pela-internet-2\/","title":{"rendered":"Inscri\u00e7\u00f5es Encerradas pela Internet"},"content":{"rendered":"<h1 style=\"text-align: center;\">Inscri\u00e7\u00f5es de Reserva pela Internet <strong><span style=\"color: #ff0000;\">Encerradas<\/span><\/strong><\/h1>\n<h1 style=\"text-align: center;\">TEMPORADA 2017-2018<\/h1>\n<p>&nbsp;<\/p>\n<p>&nbsp;<\/p>\n<h1 style=\"text-align: center;\">Ligue <span style=\"color: #ff0000;\"><strong>0800-600-7622<\/strong> <\/span>durante a semana das 8:00 as 17:00<\/h1>\n<h2 style=\"text-align: center;\"><strong>Op\u00e7\u00e3o de Inscri\u00e7\u00e3o pela internet encerrada, entre em contato com a sede em Curitiba<br \/>\n<\/strong><\/h2>\n","protected":false},"excerpt":{"rendered":"<p>Inscri\u00e7\u00f5es de Reserva pela Internet Encerradas TEMPORADA 2017-2018 &nbsp; &nbsp; Ligue 0800-600-7622 durante a semana das 8:00 as 17:00 Op\u00e7\u00e3o de Inscri\u00e7\u00e3o pela internet encerrada, entre em contato com a sede em Curitiba<\/p>\n","protected":false},"author":2,"featured_media":0,"parent":0,"menu_order":0,"comment_status":"closed","ping_status":"closed","template":"","meta":{"_monsterinsights_skip_tracking":false,"_monsterinsights_sitenote_active":false,"_monsterinsights_sitenote_note":"","_monsterinsights_sitenote_category":0,"_uf_show_specific_survey":0,"_uf_disable_surveys":false,"ngg_post_thumbnail":0,"footnotes":""},"aioseo_notices":[],"_links":{"self":[{"href":"https:\/\/www.assef.org.br\/portalassef\/wp-json\/wp\/v2\/pages\/4820"}],"collection":[{"href":"https:\/\/www.assef.org.br\/portalassef\/wp-json\/wp\/v2\/pages"}],"about":[{"href":"https:\/\/www.assef.org.br\/portalassef\/wp-json\/wp\/v2\/types\/page"}],"author":[{"embeddable":true,"href":"https:\/\/www.assef.org.br\/portalassef\/wp-json\/wp\/v2\/users\/2"}],"replies":[{"embeddable":true,"href":"https:\/\/www.assef.org.br\/portalassef\/wp-json\/wp\/v2\/comments?post=4820"}],"version-history":[{"count":2,"href":"https:\/\/www.assef.org.br\/portalassef\/wp-json\/wp\/v2\/pages\/4820\/revisions"}],"predecessor-version":[{"id":5686,"href":"https:\/\/www.assef.org.br\/portalassef\/wp-json\/wp\/v2\/pages\/4820\/revisions\/5686"}],"wp:attachment":[{"href":"https:\/\/www.assef.org.br\/portalassef\/wp-json\/wp\/v2\/media?parent=4820"}],"curies":[{"name":"wp","href":"https:\/\/api.w.org\/{rel}","templated":true}]}}

Inscrições Encerradas pela Internet

<h1 style="text-align: center;">Inscrições de Reserva pela Internet <strong><span style="color: #ff0000;">Encerradas</span></strong></h1>
<h1 style="text-align: center;">TEMPORADA 2017-2018</h1>
<p>&nbsp;</p>
<p>&nbsp;</p>
<h1 style="text-align: center;">Ligue <span style="color: #ff0000;"><strong>0800-600-7622</strong> </span>durante a semana das 8:00 as 17:00</h1>
<h2 style="text-align: center;"><strong>Opção de Inscrição pela internet encerrada, entre em contato com a sede em Curitiba<br />
</strong></h2>

<p>Inscrições de Reserva pela Internet Encerradas TEMPORADA 2017-2018 &nbsp; &nbsp; Ligue 0800-600-7622 durante a semana das 8:00 as 17:00 Opção de Inscrição pela internet encerrada, entre em contato com a sede em Curitiba</p>
