{"id":537,"date":"2012-06-29T10:35:26","date_gmt":"2012-06-29T13:35:26","guid":{"rendered":"http:\/\/www.assef.org.br\/portalassef\/?page_id=537"},"modified":"2023-05-24T16:17:12","modified_gmt":"2023-05-24T19:17:12","slug":"alojamento-da-assef-curitiba","status":"publish","type":"page","link":"https:\/\/www.assef.org.br\/portalassef\/servicos\/alojamento-da-assef-curitiba\/","title":{"rendered":"Alojamento Sede CURITIBA"},"content":{"rendered":"<p style=\"text-align: justify;\"><a href=\"http:\/\/www.assef.org.br\/portalassef\/wp-content\/uploads\/2009\/07\/ALOJAMENTO_CTBA_004.jpg\"><img loading=\"lazy\" decoding=\"async\" class=\"alignleft  wp-image-167\" title=\"Alojamento ASSEF Curitiba\" src=\"http:\/\/www.assef.org.br\/portalassef\/wp-content\/uploads\/2009\/07\/ALOJAMENTO_CTBA_004-150x150.jpg\" alt=\"\" width=\"294\" height=\"294\"><\/a><\/p>\n<p>Fa\u00e7a sua reserva no nosso alojamento sede em Curitiba e desfrute de um ambiente confort\u00e1vel e acolhedor!<\/p>\n<p>&#x1f4c6; Hor\u00e1rio para reservas:<br \/>\nDe segunda a sexta-feira, das 08:00 \u00e0s 12:00 e das 13:00 \u00e0s 17:00 horas.<\/p>\n<p>&#x1f4b2; Valores das di\u00e1rias:<br \/>\n&#8211; S\u00f3cio: R$20,00<br \/>\n&#8211; N\u00e3o s\u00f3cio: R$60,00<br \/>\n&#8211; Tratamento de sa\u00fade: R$10,00 (pernoite)<\/p>\n<p>&#x1f511; As chaves do port\u00e3o e da porta principal do alojamento est\u00e3o dispon\u00edveis com o diretor de n\u00facleo e demais representantes nos locais de trabalho.<\/p>\n<p>&#x1f4de; Para reservas e obter mais informa\u00e7\u00f5es, entre em contato pelos novos n\u00fameros de telefone:<br \/>\n&#x1f4de; 41-3076-2803<br \/>\n&#x1f4de; 0800-008-2803<\/p>\n<p>Contamos com sua presen\u00e7a!<\/p>\n<p>A Dire\u00e7\u00e3o<\/p>\n","protected":false},"excerpt":{"rendered":"<p>Fa\u00e7a sua reserva no nosso alojamento sede em Curitiba e desfrute de um ambiente confort\u00e1vel e acolhedor! &#x1f4c6; Hor\u00e1rio para reservas: De segunda a sexta-feira, das 08:00 \u00e0s 12:00 e das 13:00 \u00e0s 17:00 horas. &#x1f4b2; Valores das di\u00e1rias: &#8211; S\u00f3cio: R$20,00 &#8211; N\u00e3o s\u00f3cio: R$60,00 &#8211; Tratamento de sa\u00fade: R$10,00 (pernoite) &#x1f511; As chaves &hellip; <\/p>\n<p><a class=\"more-link btn\" href=\"https:\/\/www.assef.org.br\/portalassef\/servicos\/alojamento-da-assef-curitiba\/\">Continue lendo<\/a><\/p>\n","protected":false},"author":1,"featured_media":0,"parent":399,"menu_order":0,"comment_status":"closed","ping_status":"open","template":"","meta":{"_monsterinsights_skip_tracking":false,"_monsterinsights_sitenote_active":false,"_monsterinsights_sitenote_note":"","_monsterinsights_sitenote_category":0,"_uf_show_specific_survey":0,"_uf_disable_surveys":false,"ngg_post_thumbnail":0,"footnotes":""},"aioseo_notices":[],"_links":{"self":[{"href":"https:\/\/www.assef.org.br\/portalassef\/wp-json\/wp\/v2\/pages\/537"}],"collection":[{"href":"https:\/\/www.assef.org.br\/portalassef\/wp-json\/wp\/v2\/pages"}],"about":[{"href":"https:\/\/www.assef.org.br\/portalassef\/wp-json\/wp\/v2\/types\/page"}],"author":[{"embeddable":true,"href":"https:\/\/www.assef.org.br\/portalassef\/wp-json\/wp\/v2\/users\/1"}],"replies":[{"embeddable":true,"href":"https:\/\/www.assef.org.br\/portalassef\/wp-json\/wp\/v2\/comments?post=537"}],"version-history":[{"count":13,"href":"https:\/\/www.assef.org.br\/portalassef\/wp-json\/wp\/v2\/pages\/537\/revisions"}],"predecessor-version":[{"id":7081,"href":"https:\/\/www.assef.org.br\/portalassef\/wp-json\/wp\/v2\/pages\/537\/revisions\/7081"}],"up":[{"embeddable":true,"href":"https:\/\/www.assef.org.br\/portalassef\/wp-json\/wp\/v2\/pages\/399"}],"wp:attachment":[{"href":"https:\/\/www.assef.org.br\/portalassef\/wp-json\/wp\/v2\/media?parent=537"}],"curies":[{"name":"wp","href":"https:\/\/api.w.org\/{rel}","templated":true}]}}

<p style="text-align: justify;"><a href="http://www.assef.org.br/portalassef/wp-content/uploads/2009/07/ALOJAMENTO_CTBA_004.jpg"><img loading="lazy" decoding="async" class="alignleft  wp-image-167" title="Alojamento ASSEF Curitiba" src="http://www.assef.org.br/portalassef/wp-content/uploads/2009/07/ALOJAMENTO_CTBA_004-150x150.jpg" alt="" width="294" height="294"></a></p>
<p>Faça sua reserva no nosso alojamento sede em Curitiba e desfrute de um ambiente confortável e acolhedor!</p>
<p>&#x1f4c6; Horário para reservas:<br />
De segunda a sexta-feira, das 08:00 às 12:00 e das 13:00 às 17:00 horas.</p>
<p>&#x1f4b2; Valores das diárias:<br />
&#8211; Sócio: R$20,00<br />
&#8211; Não sócio: R$60,00<br />
&#8211; Tratamento de saúde: R$10,00 (pernoite)</p>
<p>&#x1f511; As chaves do portão e da porta principal do alojamento estão disponíveis com o diretor de núcleo e demais representantes nos locais de trabalho.</p>
<p>&#x1f4de; Para reservas e obter mais informações, entre em contato pelos novos números de telefone:<br />
&#x1f4de; 41-3076-2803<br />
&#x1f4de; 0800-008-2803</p>
<p>Contamos com sua presença!</p>
<p>A Direção</p>

<p>Faça sua reserva no nosso alojamento sede em Curitiba e desfrute de um ambiente confortável e acolhedor! &#x1f4c6; Horário para reservas: De segunda a sexta-feira, das 08:00 às 12:00 e das 13:00 às 17:00 horas. &#x1f4b2; Valores das diárias: &#8211; Sócio: R$20,00 &#8211; Não sócio: R$60,00 &#8211; Tratamento de saúde: R$10,00 (pernoite) &#x1f511; As chaves &hellip; </p>
<p><a class="more-link btn" href="https://www.assef.org.br/portalassef/servicos/alojamento-da-assef-curitiba/">Continue lendo</a></p>
