{"id":72,"date":"2012-06-04T19:39:44","date_gmt":"2012-06-04T19:39:44","guid":{"rendered":"http:\/\/www.assef.org.br\/portalassef\/?page_id=72"},"modified":"2022-11-03T12:17:40","modified_gmt":"2022-11-03T15:17:40","slug":"salao-social-sede-curitiba","status":"publish","type":"page","link":"https:\/\/www.assef.org.br\/portalassef\/servicos\/salao-social-sede-curitiba\/","title":{"rendered":"::Sal\u00e3o Social:: Sede CURITIBA"},"content":{"rendered":"<div class=\"wp-block-image\">\n<figure class=\"alignleft\"><a href=\"https:\/\/photos.app.goo.gl\/j9cxU8Ot2kfBQuwJ2\"><img loading=\"lazy\" decoding=\"async\" width=\"150\" height=\"150\" src=\"http:\/\/www.assef.org.br\/portalassef\/wp-content\/uploads\/2012\/06\/capa_X_SALAO_DECORADO-1-150x150.jpg\" alt=\"\" class=\"wp-image-74\" title=\"_capa_X_SALAO_DECORADO (1)\"\/><\/a><\/figure><\/div>\n\n\n<p>A associa\u00e7\u00e3o disponibiliza um sal\u00e3o social na sede de Curitiba, com capacidade para 100 pessoas, os eventos podem ser realizados de segunda a domingo conforme a disponibilidade da agenda deste local. Ligue para 41 3333-7622 ou 0800 600 7622 para ter mais informa\u00e7\u00f5es.<\/p>\n\n\n\n<p>Novas fotos do sal\u00e3o em julho de 2017, ap\u00f3s realizar realizar manuten\u00e7\u00e3o, reformas e melhoria. Clique na primeira imagem desta noticia e veja as novas fotos.<\/p>\n\n\nngg_shortcode_0_placeholder\n\n\n\n<figure class=\"wp-block-embed\"><div class=\"wp-block-embed__wrapper\">\n<div class=\"embed-gphotos  wp-caption\"><a href=\"https:\/\/photos.google.com\/share\/AF1QipMdeyr_bM7DnJDof4IU_35h-kRl50dawPE-n3u61seumKsMt5hgeXtsbeLujqSJkQ?key=S3JqOFdFNGpPWGl2OWdqclVfN2VFbzBIMVp4ZV93\" target=\"_blank\"><img loading=\"lazy\" decoding=\"async\"    src=\"https:\/\/lh3.googleusercontent.com\/KDoGXJE50t9nnY02_rCCyQhLFMbkccRlUHbMXkRJecDIdZoJYKDoCfJYADX1zMV6dflGHlq3SbuSFAcf4Gndt-1gQVpPZD1cJymRDwFB9ZF0HKHw2EsFT-yhd_8pvWbzNdymeHSozg=w750-h1000\" width=\"750\" height=\"562\"   ><\/a><p class=\"wp-caption-text\"><a href=\"https:\/\/photos.google.com\/share\/AF1QipMdeyr_bM7DnJDof4IU_35h-kRl50dawPE-n3u61seumKsMt5hgeXtsbeLujqSJkQ?key=S3JqOFdFNGpPWGl2OWdqclVfN2VFbzBIMVp4ZV93\" target=\"_blank\">Sal\u00e3o Social ASSEF \/ Google Photos<\/a><\/p><\/div>\n<\/div><\/figure>\n","protected":false},"excerpt":{"rendered":"<p>A associa\u00e7\u00e3o disponibiliza um sal\u00e3o social na sede de Curitiba, com capacidade para 100 pessoas, os eventos podem ser realizados de segunda a domingo conforme a disponibilidade da agenda deste local. Ligue para 41 3333-7622 ou 0800 600 7622 para ter mais informa\u00e7\u00f5es. Novas fotos do sal\u00e3o em julho de 2017, ap\u00f3s realizar realizar manuten\u00e7\u00e3o, &hellip; <\/p>\n<p><a class=\"more-link btn\" href=\"https:\/\/www.assef.org.br\/portalassef\/servicos\/salao-social-sede-curitiba\/\">Continue lendo<\/a><\/p>\n","protected":false},"author":1,"featured_media":0,"parent":399,"menu_order":0,"comment_status":"closed","ping_status":"open","template":"","meta":{"_monsterinsights_skip_tracking":false,"_monsterinsights_sitenote_active":false,"_monsterinsights_sitenote_note":"","_monsterinsights_sitenote_category":0,"_uf_show_specific_survey":0,"_uf_disable_surveys":false,"ngg_post_thumbnail":0,"footnotes":""},"aioseo_notices":[],"_links":{"self":[{"href":"https:\/\/www.assef.org.br\/portalassef\/wp-json\/wp\/v2\/pages\/72"}],"collection":[{"href":"https:\/\/www.assef.org.br\/portalassef\/wp-json\/wp\/v2\/pages"}],"about":[{"href":"https:\/\/www.assef.org.br\/portalassef\/wp-json\/wp\/v2\/types\/page"}],"author":[{"embeddable":true,"href":"https:\/\/www.assef.org.br\/portalassef\/wp-json\/wp\/v2\/users\/1"}],"replies":[{"embeddable":true,"href":"https:\/\/www.assef.org.br\/portalassef\/wp-json\/wp\/v2\/comments?post=72"}],"version-history":[{"count":22,"href":"https:\/\/www.assef.org.br\/portalassef\/wp-json\/wp\/v2\/pages\/72\/revisions"}],"predecessor-version":[{"id":6835,"href":"https:\/\/www.assef.org.br\/portalassef\/wp-json\/wp\/v2\/pages\/72\/revisions\/6835"}],"up":[{"embeddable":true,"href":"https:\/\/www.assef.org.br\/portalassef\/wp-json\/wp\/v2\/pages\/399"}],"wp:attachment":[{"href":"https:\/\/www.assef.org.br\/portalassef\/wp-json\/wp\/v2\/media?parent=72"}],"curies":[{"name":"wp","href":"https:\/\/api.w.org\/{rel}","templated":true}]}}

::Salão Social:: Sede CURITIBA

<div class="wp-block-image">
<figure class="alignleft"><a href="https://photos.app.goo.gl/j9cxU8Ot2kfBQuwJ2"><img loading="lazy" decoding="async" width="150" height="150" src="http://www.assef.org.br/portalassef/wp-content/uploads/2012/06/capa_X_SALAO_DECORADO-1-150x150.jpg" alt="" class="wp-image-74" title="_capa_X_SALAO_DECORADO (1)"/></a></figure></div>


<p>A associação disponibiliza um salão social na sede de Curitiba, com capacidade para 100 pessoas, os eventos podem ser realizados de segunda a domingo conforme a disponibilidade da agenda deste local. Ligue para 41 3333-7622 ou 0800 600 7622 para ter mais informações.</p>



<p>Novas fotos do salão em julho de 2017, após realizar realizar manutenção, reformas e melhoria. Clique na primeira imagem desta noticia e veja as novas fotos.</p>


ngg_shortcode_0_placeholder



<figure class="wp-block-embed"><div class="wp-block-embed__wrapper">
<div class="embed-gphotos  wp-caption"><a href="https://photos.google.com/share/AF1QipMdeyr_bM7DnJDof4IU_35h-kRl50dawPE-n3u61seumKsMt5hgeXtsbeLujqSJkQ?key=S3JqOFdFNGpPWGl2OWdqclVfN2VFbzBIMVp4ZV93" target="_blank"><img loading="lazy" decoding="async"    src="https://lh3.googleusercontent.com/KDoGXJE50t9nnY02_rCCyQhLFMbkccRlUHbMXkRJecDIdZoJYKDoCfJYADX1zMV6dflGHlq3SbuSFAcf4Gndt-1gQVpPZD1cJymRDwFB9ZF0HKHw2EsFT-yhd_8pvWbzNdymeHSozg=w750-h1000" width="750" height="562"   ></a><p class="wp-caption-text"><a href="https://photos.google.com/share/AF1QipMdeyr_bM7DnJDof4IU_35h-kRl50dawPE-n3u61seumKsMt5hgeXtsbeLujqSJkQ?key=S3JqOFdFNGpPWGl2OWdqclVfN2VFbzBIMVp4ZV93" target="_blank">Salão Social ASSEF / Google Photos</a></p></div>
</div></figure>

<p>A associação disponibiliza um salão social na sede de Curitiba, com capacidade para 100 pessoas, os eventos podem ser realizados de segunda a domingo conforme a disponibilidade da agenda deste local. Ligue para 41 3333-7622 ou 0800 600 7622 para ter mais informações. Novas fotos do salão em julho de 2017, após realizar realizar manutenção, &hellip; </p>
<p><a class="more-link btn" href="https://www.assef.org.br/portalassef/servicos/salao-social-sede-curitiba/">Continue lendo</a></p>
