{"id":90,"date":"2012-06-11T17:42:43","date_gmt":"2012-06-11T17:42:43","guid":{"rendered":"http:\/\/www.assef.org.br\/portalassef\/?page_id=90"},"modified":"2023-03-27T22:58:33","modified_gmt":"2023-03-28T01:58:33","slug":"fale-conosco","status":"publish","type":"page","link":"https:\/\/www.assef.org.br\/portalassef\/fale-conosco\/","title":{"rendered":"Fale Conosco"},"content":{"rendered":"<h4>Envie sua sugest\u00e3o ou solicita\u00e7\u00e3o.<\/h4>\n<h4>Preencha o formul\u00e1rio abaixo informando seu<br \/>\n<strong>TELEFONE, REGISTRO, LOCAL DE TRABALHO <\/strong>&nbsp;NOS CAMPOS DO FORMUL\u00c1RIO&nbsp; e estaremos em breve entrando em contato.&nbsp;<\/h4>\n<p>&nbsp;<\/p>\n\n<div class=\"wpcf7 no-js\" id=\"wpcf7-f5862-o1\" lang=\"pt-BR\" dir=\"ltr\">\n<div class=\"screen-reader-response\"><p role=\"status\" aria-live=\"polite\" aria-atomic=\"true\"><\/p> <ul><\/ul><\/div>\n<form action=\"\/portalassef\/wp-json\/wp\/v2\/pages\/90#wpcf7-f5862-o1\" method=\"post\" class=\"wpcf7-form init\" aria-label=\"Formul\u00e1rios de contato\" novalidate=\"novalidate\" data-status=\"init\">\n<div style=\"display: none;\">\n<input type=\"hidden\" name=\"_wpcf7\" value=\"5862\" \/>\n<input type=\"hidden\" name=\"_wpcf7_version\" value=\"5.9.7\" \/>\n<input type=\"hidden\" name=\"_wpcf7_locale\" value=\"pt_BR\" \/>\n<input type=\"hidden\" name=\"_wpcf7_unit_tag\" value=\"wpcf7-f5862-o1\" \/>\n<input type=\"hidden\" name=\"_wpcf7_container_post\" value=\"0\" \/>\n<input type=\"hidden\" name=\"_wpcf7_posted_data_hash\" value=\"\" \/>\n<input type=\"hidden\" name=\"_wpcf7_recaptcha_response\" value=\"\" \/>\n<\/div>\n<p>Seu nome (obrigat\u00f3rio)*\n<\/p>\n<p><span class=\"wpcf7-form-control-wrap\" data-name=\"your-name\"><input size=\"40\" maxlength=\"400\" class=\"wpcf7-form-control wpcf7-text wpcf7-validates-as-required\" aria-required=\"true\" aria-invalid=\"false\" value=\"\" type=\"text\" name=\"your-name\" \/><\/span>\n<\/p>\n<p>E-mail (obrigat\u00f3rio)\n<\/p>\n<p><span class=\"wpcf7-form-control-wrap\" data-name=\"your-email\"><input size=\"40\" maxlength=\"400\" class=\"wpcf7-form-control wpcf7-email wpcf7-validates-as-required wpcf7-text wpcf7-validates-as-email\" aria-required=\"true\" aria-invalid=\"false\" value=\"\" type=\"email\" name=\"your-email\" \/><\/span>\n<\/p>\n<p>DDD + Telefone *\n<\/p>\n<p><span class=\"wpcf7-form-control-wrap\" data-name=\"TELEFONE\"><input size=\"40\" maxlength=\"400\" class=\"wpcf7-form-control wpcf7-text\" aria-invalid=\"false\" value=\"\" type=\"text\" name=\"TELEFONE\" \/><\/span>\n<\/p>\n<p>REGISTRO (matriclula funcional) ou Identidade *\n<\/p>\n<p><span class=\"wpcf7-form-control-wrap\" data-name=\"Registro\"><input size=\"40\" maxlength=\"400\" class=\"wpcf7-form-control wpcf7-text wpcf7-validates-as-required\" aria-required=\"true\" aria-invalid=\"false\" value=\"\" type=\"text\" name=\"Registro\" \/><\/span>\n<\/p>\n<p>Local de Trabalho *\n<\/p>\n<p><span class=\"wpcf7-form-control-wrap\" data-name=\"Local_de_trabalho\"><input size=\"40\" maxlength=\"400\" class=\"wpcf7-form-control wpcf7-text wpcf7-validates-as-required\" aria-required=\"true\" aria-invalid=\"false\" value=\"\" type=\"text\" name=\"Local_de_trabalho\" \/><\/span>\n<\/p>\n<p>CIDADE *\n<\/p>\n<p><span class=\"wpcf7-form-control-wrap\" data-name=\"CIDADE\"><input size=\"40\" maxlength=\"400\" class=\"wpcf7-form-control wpcf7-text wpcf7-validates-as-required\" aria-required=\"true\" aria-invalid=\"false\" value=\"\" type=\"text\" name=\"CIDADE\" \/><\/span>\n<\/p>\n<p>Assunto*\n<\/p>\n<p><span class=\"wpcf7-form-control-wrap\" data-name=\"your-subject\"><input size=\"40\" maxlength=\"400\" class=\"wpcf7-form-control wpcf7-text\" aria-invalid=\"false\" value=\"\" type=\"text\" name=\"your-subject\" \/><\/span>\n<\/p>\n<p>Sua mensagem\n<\/p>\n<p><span class=\"wpcf7-form-control-wrap\" data-name=\"your-message\"><textarea cols=\"40\" rows=\"10\" maxlength=\"2000\" class=\"wpcf7-form-control wpcf7-textarea\" aria-invalid=\"false\" name=\"your-message\"><\/textarea><\/span>\n<\/p>\n<p><input class=\"wpcf7-form-control wpcf7-submit has-spinner\" type=\"submit\" value=\"Enviar\" \/>\n<\/p><div class=\"wpcf7-response-output\" aria-hidden=\"true\"><\/div>\n<\/form>\n<\/div>\n\n<p>&nbsp;<\/p>\n<p>ASSEF &#8211; Associa\u00e7\u00e3o dos&nbsp; Servidores do Sistema \u00danico de Sa\u00fade no Estados do Paran\u00e1<br \/>\n<strong>SEDE ASSEF EM CURITIBA<\/strong><\/p>\n<p><strong>RUA BRASILIO ITIBERE, 2895 \u2013 REBOU\u00c7AS<\/strong><br \/>\n<strong> CEP 80.250-160<\/strong><br \/>\n<strong> NOVO NUMERO DE TELEFONE 41-3076-2803&nbsp; ou&nbsp; 0800-008-2803<br \/>\n<\/strong><\/p>\n<p><a href=\"http:\/\/www.assef.org.br\/portalassef\/wp-content\/uploads\/2012\/06\/business-18965_640.jpg\"><img loading=\"lazy\" decoding=\"async\" class=\"alignleft size-medium wp-image-1103\" src=\"http:\/\/www.assef.org.br\/portalassef\/wp-content\/uploads\/2012\/06\/business-18965_640-199x300.jpg\" alt=\"business-18965_640\" width=\"199\" height=\"300\" srcset=\"https:\/\/www.assef.org.br\/portalassef\/wp-content\/uploads\/2012\/06\/business-18965_640-199x300.jpg 199w, https:\/\/www.assef.org.br\/portalassef\/wp-content\/uploads\/2012\/06\/business-18965_640.jpg 426w\" sizes=\"(max-width: 199px) 100vw, 199px\" \/><\/a><\/p>\n<p><iframe loading=\"lazy\" style=\"border: 0;\" src=\"https:\/\/www.google.com\/maps\/embed?pb=!1m18!1m12!1m3!1d3602.6921641718286!2d-49.274177784985476!3d-25.44855328377995!2m3!1f0!2f0!3f0!3m2!1i1024!2i768!4f13.1!3m3!1m2!1s0x0%3A0x725615f2da1b65aa!2sASSEF+-+Associa%C3%A7%C3%A3o+dos+Servidores+do+SUS+do+Estado+do+Paran%C3%A1!5e0!3m2!1spt-BR!2sbr!4v1552766484186\" width=\"600\" height=\"450\" frameborder=\"0\" allowfullscreen=\"allowfullscreen\"><\/iframe><\/p>\n<p>&nbsp;<\/p>\n","protected":false},"excerpt":{"rendered":"<p>Envie sua sugest\u00e3o ou solicita\u00e7\u00e3o. Preencha o formul\u00e1rio abaixo informando seu TELEFONE, REGISTRO, LOCAL DE TRABALHO &nbsp;NOS CAMPOS DO FORMUL\u00c1RIO&nbsp; e estaremos em breve entrando em contato.&nbsp; &nbsp; &nbsp; ASSEF &#8211; Associa\u00e7\u00e3o dos&nbsp; Servidores do Sistema \u00danico de Sa\u00fade no Estados do Paran\u00e1 SEDE ASSEF EM CURITIBA RUA BRASILIO ITIBERE, 2895 \u2013 REBOU\u00c7AS CEP 80.250-160 &hellip; <\/p>\n<p><a class=\"more-link btn\" href=\"https:\/\/www.assef.org.br\/portalassef\/fale-conosco\/\">Continue lendo<\/a><\/p>\n","protected":false},"author":1,"featured_media":0,"parent":0,"menu_order":0,"comment_status":"closed","ping_status":"open","template":"","meta":{"_monsterinsights_skip_tracking":false,"_monsterinsights_sitenote_active":false,"_monsterinsights_sitenote_note":"","_monsterinsights_sitenote_category":0,"_uf_show_specific_survey":0,"_uf_disable_surveys":false,"ngg_post_thumbnail":0,"footnotes":""},"aioseo_notices":[],"_links":{"self":[{"href":"https:\/\/www.assef.org.br\/portalassef\/wp-json\/wp\/v2\/pages\/90"}],"collection":[{"href":"https:\/\/www.assef.org.br\/portalassef\/wp-json\/wp\/v2\/pages"}],"about":[{"href":"https:\/\/www.assef.org.br\/portalassef\/wp-json\/wp\/v2\/types\/page"}],"author":[{"embeddable":true,"href":"https:\/\/www.assef.org.br\/portalassef\/wp-json\/wp\/v2\/users\/1"}],"replies":[{"embeddable":true,"href":"https:\/\/www.assef.org.br\/portalassef\/wp-json\/wp\/v2\/comments?post=90"}],"version-history":[{"count":38,"href":"https:\/\/www.assef.org.br\/portalassef\/wp-json\/wp\/v2\/pages\/90\/revisions"}],"predecessor-version":[{"id":7015,"href":"https:\/\/www.assef.org.br\/portalassef\/wp-json\/wp\/v2\/pages\/90\/revisions\/7015"}],"wp:attachment":[{"href":"https:\/\/www.assef.org.br\/portalassef\/wp-json\/wp\/v2\/media?parent=90"}],"curies":[{"name":"wp","href":"https:\/\/api.w.org\/{rel}","templated":true}]}}

<h4>Envie sua sugestão ou solicitação.</h4>
<h4>Preencha o formulário abaixo informando seu<br />
<strong>TELEFONE, REGISTRO, LOCAL DE TRABALHO </strong>&nbsp;NOS CAMPOS DO FORMULÁRIO&nbsp; e estaremos em breve entrando em contato.&nbsp;</h4>
<p>&nbsp;</p>

<div class="wpcf7 no-js" id="wpcf7-f5862-o1" lang="pt-BR" dir="ltr">
<div class="screen-reader-response"><p role="status" aria-live="polite" aria-atomic="true"></p> <ul></ul></div>
<form action="/portalassef/wp-json/wp/v2/pages/90#wpcf7-f5862-o1" method="post" class="wpcf7-form init" aria-label="Formulários de contato" novalidate="novalidate" data-status="init">
<div style="display: none;">
<input type="hidden" name="_wpcf7" value="5862" />
<input type="hidden" name="_wpcf7_version" value="5.9.7" />
<input type="hidden" name="_wpcf7_locale" value="pt_BR" />
<input type="hidden" name="_wpcf7_unit_tag" value="wpcf7-f5862-o1" />
<input type="hidden" name="_wpcf7_container_post" value="0" />
<input type="hidden" name="_wpcf7_posted_data_hash" value="" />
<input type="hidden" name="_wpcf7_recaptcha_response" value="" />
</div>
<p>Seu nome (obrigatório)*
</p>
<p><span class="wpcf7-form-control-wrap" data-name="your-name"><input size="40" maxlength="400" class="wpcf7-form-control wpcf7-text wpcf7-validates-as-required" aria-required="true" aria-invalid="false" value="" type="text" name="your-name" /></span>
</p>
<p>E-mail (obrigatório)
</p>
<p><span class="wpcf7-form-control-wrap" data-name="your-email"><input size="40" maxlength="400" class="wpcf7-form-control wpcf7-email wpcf7-validates-as-required wpcf7-text wpcf7-validates-as-email" aria-required="true" aria-invalid="false" value="" type="email" name="your-email" /></span>
</p>
<p>DDD + Telefone *
</p>
<p><span class="wpcf7-form-control-wrap" data-name="TELEFONE"><input size="40" maxlength="400" class="wpcf7-form-control wpcf7-text" aria-invalid="false" value="" type="text" name="TELEFONE" /></span>
</p>
<p>REGISTRO (matriclula funcional) ou Identidade *
</p>
<p><span class="wpcf7-form-control-wrap" data-name="Registro"><input size="40" maxlength="400" class="wpcf7-form-control wpcf7-text wpcf7-validates-as-required" aria-required="true" aria-invalid="false" value="" type="text" name="Registro" /></span>
</p>
<p>Local de Trabalho *
</p>
<p><span class="wpcf7-form-control-wrap" data-name="Local_de_trabalho"><input size="40" maxlength="400" class="wpcf7-form-control wpcf7-text wpcf7-validates-as-required" aria-required="true" aria-invalid="false" value="" type="text" name="Local_de_trabalho" /></span>
</p>
<p>CIDADE *
</p>
<p><span class="wpcf7-form-control-wrap" data-name="CIDADE"><input size="40" maxlength="400" class="wpcf7-form-control wpcf7-text wpcf7-validates-as-required" aria-required="true" aria-invalid="false" value="" type="text" name="CIDADE" /></span>
</p>
<p>Assunto*
</p>
<p><span class="wpcf7-form-control-wrap" data-name="your-subject"><input size="40" maxlength="400" class="wpcf7-form-control wpcf7-text" aria-invalid="false" value="" type="text" name="your-subject" /></span>
</p>
<p>Sua mensagem
</p>
<p><span class="wpcf7-form-control-wrap" data-name="your-message"><textarea cols="40" rows="10" maxlength="2000" class="wpcf7-form-control wpcf7-textarea" aria-invalid="false" name="your-message"></textarea></span>
</p>
<p><input class="wpcf7-form-control wpcf7-submit has-spinner" type="submit" value="Enviar" />
</p><div class="wpcf7-response-output" aria-hidden="true"></div>
</form>
</div>

<p>&nbsp;</p>
<p>ASSEF &#8211; Associação dos&nbsp; Servidores do Sistema Único de Saúde no Estados do Paraná<br />
<strong>SEDE ASSEF EM CURITIBA</strong></p>
<p><strong>RUA BRASILIO ITIBERE, 2895 – REBOUÇAS</strong><br />
<strong> CEP 80.250-160</strong><br />
<strong> NOVO NUMERO DE TELEFONE 41-3076-2803&nbsp; ou&nbsp; 0800-008-2803<br />
</strong></p>
<p><a href="http://www.assef.org.br/portalassef/wp-content/uploads/2012/06/business-18965_640.jpg"><img loading="lazy" decoding="async" class="alignleft size-medium wp-image-1103" src="http://www.assef.org.br/portalassef/wp-content/uploads/2012/06/business-18965_640-199x300.jpg" alt="business-18965_640" width="199" height="300" srcset="https://www.assef.org.br/portalassef/wp-content/uploads/2012/06/business-18965_640-199x300.jpg 199w, https://www.assef.org.br/portalassef/wp-content/uploads/2012/06/business-18965_640.jpg 426w" sizes="(max-width: 199px) 100vw, 199px" /></a></p>
<p><iframe loading="lazy" style="border: 0;" src="https://www.google.com/maps/embed?pb=!1m18!1m12!1m3!1d3602.6921641718286!2d-49.274177784985476!3d-25.44855328377995!2m3!1f0!2f0!3f0!3m2!1i1024!2i768!4f13.1!3m3!1m2!1s0x0%3A0x725615f2da1b65aa!2sASSEF+-+Associa%C3%A7%C3%A3o+dos+Servidores+do+SUS+do+Estado+do+Paran%C3%A1!5e0!3m2!1spt-BR!2sbr!4v1552766484186" width="600" height="450" frameborder="0" allowfullscreen="allowfullscreen"></iframe></p>
<p>&nbsp;</p>

<p>Envie sua sugestão ou solicitação. Preencha o formulário abaixo informando seu TELEFONE, REGISTRO, LOCAL DE TRABALHO &nbsp;NOS CAMPOS DO FORMULÁRIO&nbsp; e estaremos em breve entrando em contato.&nbsp; &nbsp; &nbsp; ASSEF &#8211; Associação dos&nbsp; Servidores do Sistema Único de Saúde no Estados do Paraná SEDE ASSEF EM CURITIBA RUA BRASILIO ITIBERE, 2895 – REBOUÇAS CEP 80.250-160 &hellip; </p>
<p><a class="more-link btn" href="https://www.assef.org.br/portalassef/fale-conosco/">Continue lendo</a></p>
